1609 prime?
True
Is 270092137 prime?
False
Is 988409 prime?
True
Is 254383595 a composite number?
True
Is 247198079 a composite number?
False
Is 3558323 a prime number?
False
Is 12720971 prime?
True
Is 7863377 a prime number?
True
Is 8832803 composite?
True
Is 149259331 a prime number?
False
Is 4214681 a composite number?
True
Is 7916879 prime?
True
Is 19773829 prime?
True
Is 1926709 prime?
False
Is 472559 composite?
False
Is 1570063 a composite number?
True
Is 3348929 a prime number?
True
Is 129847 prime?
False
Is 10604689 prime?
False
Is 162263789 prime?
False
Is 4443771 prime?
False
Is 952449 a prime number?
False
Is 5720497 prime?
False
Is 67835879 a composite number?
True
Is 20886077 a composite number?
True
Is 612923 a prime number?
True
Is 83654071 a composite number?
False
Is 23577761 composite?
False
Is 1682399 prime?
True
Is 12073745 a prime number?
False
Is 365711 a prime number?
False
Is 1102862093 a prime number?
True
Is 652573 a prime number?
True
Is 862813 a prime number?
False
Is 11725807 a composite number?
False
Is 1374497 composite?
False
Is 733137 a composite number?
True
Is 6553769 prime?
True
Is 3229349 a composite number?
False
Is 86011139 composite?
False
Is 7028837 a prime number?
False
Is 76797219 a prime number?
False
Is 333273 composite?
True
Is 1419427 a prime number?
True
Is 15461477 composite?
True
Is 16592827 composite?
True
Is 11764849 a prime number?
True
Is 202519 a composite number?
False
Is 254671997 a composite number?
True
Is 2009443 composite?
True
Is 818230379 a prime number?
False
Is 661866553 composite?
True
Is 281432587 a composite number?
True
Is 3446887 a prime number?
True
Is 66113681 composite?
False
Is 97001147 a composite number?
True
Is 35588753 prime?
True
Is 913571 a composite number?
False
Is 11580319 prime?
False
Is 43948679 a composite number?
True
Is 10054543 composite?
False
Is 3396553 a prime number?
False
Is 1264129 composite?
False
Is 5740037 a composite number?
True
Is 16451099 a composite number?
True
Is 826697 a prime number?
True
Is 18699449 a prime number?
True
Is 562596017 a composite number?
False
Is 2333209 a composite number?
True
Is 128120689 composite?
False
Is 3237127 composite?
False
Is 51445241 composite?
True
Is 8911283 a composite number?
False
Is 6044141 a prime number?
True
Is 8690761 composite?
True
Is 29531083 prime?
False
Is 730481 composite?
True
Is 11662577 prime?
True
Is 48370921 a composite number?
False
Is 46738477 a prime number?
True
Is 2445554 a prime number?
False
Is 10713077 a prime number?
False
Is 6817777 prime?
True
Is 2971363 prime?
True
Is 5092039 a prime number?
False
Is 2803373 a prime number?
False
Is 56697997 a composite number?
True
Is 5326793 a prime number?
True
Is 158623 a composite number?
True
Is 6052021 prime?
False
Is 47363231 a composite number?
False
Is 727897 composite?
True
Is 152107657 a prime number?
False
Is 36505087 composite?
False
Is 647362843 prime?
False
Is 74699683 a composite number?
True
Is 13826867 composite?
True
Is 17195293 prime?
True
Is 14978209 composite?
False
Is 1214819 prime?
True
Is 158929594 prime?
False
Is 145262833 a prime number?
True
Is 4616699 prime?
False
Is 28457599 a composite number?
True
Is 4390909 composite?
False
Is 6402817 a prime number?
True
Is 13063397 prime?
True
Is 4264781 prime?
True
Is 9751553 a prime number?
False
Is 214919669 a prime number?
False
Is 2242738 a prime number?
False
Is 3869393 a composite number?
True
Is 401161 composite?
False
Is 8184461 composite?
True
Is 40587119 composite?
True
Is 1022397227 composite?
False
Is 354911563 a composite number?
False
Is 35496257 a prime number?
False
Is 3550147 prime?
False
Is 45107707 a composite number?
False
Is 1413983 composite?
True
Is 50657111 prime?
False
Is 697493711 composite?
False
Is 317567 a prime number?
False
Is 4957969 a composite number?
False
Is 42670697 prime?
False
Is 140721089 a composite number?
True
Is 413040617 prime?
False
Is 16034209 composite?
True
Is 14751827 a composite number?
True
Is 303179 a prime number?
False
Is 19443803 prime?
True
Is 97456763 prime?
True
Is 11349553 a composite number?
False
Is 5982121 prime?
True
Is 191298713 a prime number?
False
Is 9266393 prime?
True
Is 27433459 a prime number?
False
Is 172697663 prime?
False
Is 320919881 a composite number?
True
Is 14745079 prime?
False
Is 47968903 composite?
False
Is 849061 composite?
False
Is 108856889 a composite number?
True
Is 56236721 prime?
False
Is 2525657 a composite number?
True
Is 241324649 a composite number?
True
Is 17242157 a composite number?
True
Is 12558037 prime?
False
Is 16047073 prime?
False
Is 21193979 a composite number?
True
Is 100549465 prime?
False
Is 15574589 a prime number?
True
Is 8491283 prime?
False
Is 11500667 prime?
False
Is 69539323 prime?
False
Is 149162893 composite?
True
Is 778517461 prime?
True
Is 10333751 a composite number?
False
Is 7763785 a prime number?
False
Is 140368119 a prime number?
False
Is 103543967 a composite number?
False
Is 31810733 a composite number?
False
Is 733351 prime?
True
Is 49815193 a prime number?
False
Is 1942217 composite?
True
Is 9227773 a composite number?
True
Is 1676471 a prime number?
True
Is 234978881 prime?
True
Is 71530793 a prime number?
True
Is 4899733 composite?
False
Is 1862767 a composite number?
True
Is 8103523 composite?
False
Is 50117 prime?
False
Is 783473 a prime number?
True
Is 2630347 composite?
True
Is 196069427 prime?
True
Is 44441291 prime?
False
Is 61837247 prime?
True
Is 36675583 composite?
True
Is 3390917 a prime number?
False
Is 862703 composite?
False
Is 31357631 a composite number?
False
Is 16866029 prime?
True
Is 22546309 composite?
False
Is 11916911 prime?
False
Is 7988433 prime?
False
Is 197759189 composite?
True
Is 386791903 a prime number?
False
Is 40981027 composite?
False
Is 670177 composite?
False
Is 340384189 a composite number?
False
Is 73623973 a composite number?
False
Is 880079 prime?
False
Is 36065851 a prime number?
True
Is 93115801 prime?
True
Is 1508861 a prime number?
False
Is 2408407 prime?
False
Is 868279297 prime?
False
Is 297757333 a composite number?
True
Is 286931969 prime?
False
Is 11867311 a composite number?
False
Is 72361343 composite?
True
Is 6053263 a composite number?
False
Is 23426945 composite?
True
Is 151300547 a composite number?
False
Is 27618527 prime?
False
Is 1445839 composite?
True
Is 36923737 prime?
True
Is 184087921 prime?
False
Is 633559 a composite number?
False
Is 2480591 a prime number?
False
Is 4752221 composite?
False
Is 15974143 a prime number?
True
Is 145823117 composite?
True
Is 4114651 composite?
False
Is 26792203 a composite number?
True
Is 34288651 composite?
False
Is 22182058 a prime number?
False
Is 1891781 a composite number?
True
Is 15829573 a composite number?
True
Is 1700399 composite?
True
Is 8408741 a composite number?
True
Is 822407 composite?
False
Is 4719691 composite?
False
Is 59813069 composite?
False
Is 17196191 a composite number?
False
Is 6855911 a prime number?
True
Is 91487311 a prime number?
False
Is 14573089 prime?
False
Is 43542773 a composite number?
False
Is 175627409 a prime number?
True
Is 32226433 prime?
False
Is 2311469 a prime number?
True
Is 5147 composite?
False
Is 447871 composite?
True
Is 24490847 composite?
False
Is 188954 prime?
False
Is 31483163 a composite number?
False
Is 4109507 a composite number?
False
Is 23911915 prime?
False
Is 16983047 a composite number?
False
Is 16699477 prime?
True
Is 1062779 prime?
True
Is 34004177 prime?
True
Is 60063413 a composite number?
False
Is 7137629 a composite number?
True
Is 351761 a prime number?
False
Is 3659 a composite number?
False
Is 1927381 composite?
True
Is 4200299 a prime number?
True
Is 4305593 a composite number?
False
Is 2435351 a prime number?
True
Is 32887853 composite?
False
Is 123897149 a prime number?
True
Is 20385599 a prime number?
False
Is 8909135 a composite number?
True
Is 202425181 composite?
True
Is 44233223 a composite number?
False
Is 1728949 a composite number?
False
Is 92234651 a composite number?
False
Is 22548017 composite?
False
Is 3270569 composite?
False
Is 5360909 prime?
False
Is 165296873 a composite number?
True
Is 105001522 a composite number?
True
Is 488939 composite?
True
Is 15657783 a prim